mmon divisor of 2048 and 8638.
2
What is the highest common divisor of 1965321 and 61299?
1251
Calculate the greatest common factor of 17679 and 1463871.
249
Calculate the greatest common factor of 21115 and 3608.
41
Calculate the greatest common factor of 60791 and 3678677.
1643
Calculate the highest common divisor of 271895627 and 13738.
6869
What is the highest common factor of 51 and 120508665?
51
Calculate the greatest common factor of 734404 and 3.
1
What is the highest common divisor of 983327 and 4?
1
What is the greatest common factor of 35 and 74291?
7
What is the greatest common factor of 32060 and 7085031?
229
Calculate the greatest common divisor of 7680 and 8510688.
96
Calculate the highest common factor of 44 and 1571012982.
22
Calculate the highest common divisor of 43940 and 89320.
20
Calculate the greatest common factor of 45104802 and 60233.
1943
Calculate the highest common factor of 170 and 203858390.
170
What is the greatest common factor of 517 and 988786?
47
Calculate the greatest common factor of 3404402 and 1166.
106
Calculate the highest common divisor of 1020118102 and 254.
254
Calculate the highest common factor of 183946984 and 208.
104
Calculate the greatest common divisor of 381 and 265269.
3
Calculate the greatest common divisor of 55391 and 368221.
287
What is the highest common factor of 1661671 and 72935?
29
Calculate the greatest common factor of 233925 and 400.
25
Calculate the greatest common factor of 30 and 371053510.
10
What is the greatest common factor of 335552 and 167027?
749
Calculate the greatest common divisor of 1859 and 2871308.
11
What is the greatest common divisor of 1606550 and 4600?
1150
What is the greatest common factor of 52 and 45501443?
13
What is the highest common divisor of 346534762 and 1274?
98
What is the greatest common divisor of 1431066 and 154362?
78
What is the highest common divisor of 413 and 4655665?
7
Calculate the highest common factor of 3013616 and 54.
2
What is the highest common factor of 25380 and 3903820?
940
Calculate the highest common factor of 8321177 and 52309.
289
Calculate the greatest common divisor of 737786 and 86674.
2114
What is the greatest common divisor of 6780603 and 255?
51
Calculate the highest common divisor of 816485 and 1055.
5
Calculate the highest common divisor of 23400 and 985725.
2925
What is the greatest common divisor of 70 and 90796370?
70
Calculate the highest common factor of 429 and 46555311.
33
What is the greatest common divisor of 112217436 and 108?
36
What is the highest common factor of 1278 and 5568246?
1278
What is the highest common factor of 42418412 and 646?
38
Calculate the greatest common divisor of 232568 and 808.
8
Calculate the greatest common divisor of 144 and 4997718.
18
What is the highest common divisor of 2086 and 39186?
14
Calculate the greatest common factor of 13668 and 747452.
268
What is the greatest common factor of 417744 and 12528?
432
Calculate the greatest common divisor of 8 and 28477336.
8
What is the greatest common divisor of 671032395 and 846?
423
Calculate the greatest common factor of 10803 and 85033.
13
What is the greatest common factor of 15846 and 85784962?
5282
Calculate the greatest common factor of 1771 and 10780583.
253
What is the highest common factor of 10787 and 1632379?
161
Calculate the highest common divisor of 14052 and 15780.
12
What is the highest common divisor of 11 and 1312993?
11
Calculate the highest common divisor of 576072 and 896.
56
Calculate the highest common factor of 848 and 152482.
2
Calculate the greatest common divisor of 1537 and 42650213.
1537
Calculate the highest common factor of 10492959 and 228.
57
What is the highest common factor of 2784470 and 14300?
130
Calculate the highest common factor of 14762495 and 110.
55
Calculate the highest common factor of 474212 and 520252.
4604
Calculate the highest common divisor of 5488 and 12593.
49
Calculate the greatest common factor of 5810256 and 5664.
48
Calculate the greatest common divisor of 4542587 and 19057.
1003
What is the highest common factor of 1904961 and 202?
101
Calculate the highest common divisor of 59501646 and 23407.
263
What is the highest common factor of 1667049943 and 16143?
5381
What is the greatest common factor of 7716 and 27636783?
1929
What is the highest common factor of 214 and 259267634?
214
What is the greatest common divisor of 23604 and 77305067?
1967
What is the highest common divisor of 34 and 221455583?
17
What is the greatest common divisor of 350 and 96317438?
14
Calculate the greatest common factor of 42 and 213352923.
21
Calculate the highest common factor of 87612 and 293232.
1788
What is the highest common divisor of 490095 and 855?
45
What is the greatest common factor of 763 and 52762213?
763
What is the highest common divisor of 2288 and 142010024?
104
What is the highest common divisor of 144 and 28638594?
18
What is the highest common factor of 99250 and 60750?
250
What is the highest common factor of 394865 and 2811125?
2615
What is the highest common factor of 9933 and 3214981?
3311
What is the greatest common divisor of 749922 and 366?
6
What is the greatest common factor of 30 and 19593260?
10
What is the highest common factor of 33366 and 262506?
402
Calculate the greatest common factor of 7600 and 5979775.
475
Calculate the highest common divisor of 12872390 and 30.
10
What is the greatest common factor of 4882599 and 36423?
1917
Calculate the highest common factor of 51207 and 420810.
507
What is the highest common factor of 418437 and 4769?
19
What is the highest common divisor of 700 and 436717925?
175
What is the greatest common factor of 1945973 and 1607877?
1921
Calculate the highest common divisor of 27329419 and 4277.
611
Calculate the greatest common factor of 27454640 and 1840.
1840
What is the greatest common factor of 420714 and 265923?
3969
Calculate the highest common divisor of 14 and 219805054.
14
Calculate the highest common factor of 33 and 37784349.
3
Calculate the highest common divisor of 29325 and 80767.
17
What is the greatest common factor of 9464114 and 31?
31
What is the highest common factor of 10472 and 2412487?
1309
Calculate the greatest common factor of 4701 and 597064608.
4701
Calculate the highest common divisor of 1635 and 12753327.
327
Calculate the highest common divisor of 995856 and 176.
16
Calculate the highest common divisor of 48980440 and 8600.
1720
What is the greatest common factor of 88200 and 62850?
150
Calculate the greatest common factor of 66 and 41772.
6
What is the greatest common divisor of 50054874 and 3081?
237
What is the greatest common factor of 87084 and 18585?
531
Calculate the highest common factor of 17934056 and 28.
28
Calculate the greatest common divisor of 57884 and 651694.
998
Calculate the highest common factor of 732 and 916764.
12
Calculate the greatest common factor of 516 and 3618923.
43
What is the greatest common factor of 9966645 and 134784?
1053
What is the greatest common divisor of 8845146 and 148?
74
What is the greatest common factor of 12644 and 6108687?
109
Calculate the highest common divisor of 513 and 1116630.
171
Calculate the highest common factor of 12133188 and 1998.
666
What is the highest common divisor of 160013 and 35?
7
What is the highest common divisor of 2833407 and 5049?
459
What is the greatest common divisor of 459568 and 28?
4
What is the highest common divisor of 14316 and 11964?
12
Calculate the greatest common factor of 6864 and 2373072.
624
What is the greatest common factor of 14015918 and 485?
97
What is the greatest common factor of 100632 and 123263418?
3594
What is the greatest common factor of 14354 and 1394?
2
Calculate the greatest common divisor of 8051095 and 130.
65
Calculate the greatest common factor of 361973914 and 688.
86
Calculate the greatest common factor of 31780889 and 14.
7
Calculate the greatest common factor of 11718 and 1757018.
62
What is the highest common factor of 33 and 180544045?
11
What is the highest common factor of 458147 and 2413?
19
Calculate the greatest common factor of 24 and 10382604.
12
What is the greatest common divisor of 209428349 and 13?
13
What is the highest common divisor of 81642985 and 26956?
6739
What i